the highest common factor of 3843 and 693.
63
Calculate the greatest common divisor of 561 and 1056.
33
Calculate the greatest common divisor of 133 and 95.
19
Calculate the greatest common divisor of 762 and 254.
254
What is the greatest common factor of 13 and 299?
13
What is the highest common divisor of 53 and 53?
53
What is the highest common divisor of 95 and 1957?
19
What is the greatest common factor of 6156 and 912?
228
Calculate the highest common divisor of 955 and 10.
5
What is the greatest common divisor of 12 and 68?
4
Calculate the highest common factor of 18 and 218.
2
What is the greatest common divisor of 9691 and 11?
11
Calculate the greatest common factor of 132 and 12.
12
What is the highest common divisor of 30 and 7290?
30
Calculate the greatest common divisor of 221 and 238.
17
Calculate the highest common factor of 2604 and 3627.
93
What is the greatest common divisor of 588 and 216?
12
What is the highest common factor of 6880 and 43?
43
What is the highest common divisor of 4 and 4?
4
What is the highest common divisor of 12 and 17508?
12
What is the highest common divisor of 24 and 2676?
12
Calculate the highest common divisor of 55 and 33.
11
What is the highest common factor of 28 and 602?
14
What is the highest common factor of 8253 and 189?
63
What is the highest common divisor of 13068 and 648?
108
What is the highest common factor of 2678 and 234?
26
What is the greatest common divisor of 2964 and 36?
12
What is the highest common divisor of 774 and 18?
18
What is the highest common divisor of 49 and 56?
7
Calculate the highest common factor of 667 and 46.
23
What is the highest common factor of 2032 and 112?
16
Calculate the highest common divisor of 904 and 8.
8
Calculate the greatest common divisor of 48 and 72.
24
What is the greatest common factor of 468 and 208?
52
What is the highest common factor of 152 and 24?
8
What is the greatest common divisor of 332 and 8?
4
Calculate the highest common divisor of 112 and 64.
16
What is the greatest common divisor of 39 and 897?
39
Calculate the greatest common factor of 58 and 2.
2
Calculate the highest common divisor of 1053 and 54.
27
Calculate the greatest common factor of 474 and 6.
6
What is the greatest common factor of 1017 and 207?
9
Calculate the greatest common factor of 59 and 413.
59
What is the highest common divisor of 18 and 60?
6
What is the highest common divisor of 462 and 66?
66
What is the greatest common divisor of 72 and 3384?
72
Calculate the highest common divisor of 22256 and 52.
52
What is the greatest common divisor of 494 and 76?
38
Calculate the highest common divisor of 11 and 2893.
11
What is the greatest common divisor of 430 and 86?
86
What is the greatest common factor of 48 and 312?
24
Calculate the greatest common factor of 495 and 810.
45
Calculate the highest common divisor of 8 and 424.
8
What is the greatest common divisor of 69 and 1725?
69
What is the highest common divisor of 3231 and 45?
9
Calculate the highest common divisor of 25 and 65.
5
Calculate the greatest common divisor of 820 and 460.
20
What is the greatest common factor of 14 and 574?
14
What is the greatest common divisor of 341 and 558?
31
Calculate the greatest common divisor of 2769 and 195.
39
Calculate the greatest common divisor of 11808 and 480.
96
What is the greatest common divisor of 24 and 3528?
24
What is the greatest common factor of 110 and 50?
10
Calculate the greatest common factor of 5 and 1345.
5
What is the greatest common divisor of 638 and 1166?
22
What is the greatest common divisor of 416 and 80?
16
Calculate the greatest common factor of 3595 and 5.
5
What is the greatest common divisor of 837 and 31?
31
Calculate the greatest common divisor of 29 and 145.
29
What is the highest common divisor of 168 and 4830?
42
What is the highest common divisor of 4699 and 481?
37
What is the greatest common divisor of 3 and 573?
3
Calculate the highest common divisor of 60 and 41970.
30
Calculate the highest common factor of 9 and 81.
9
Calculate the greatest common factor of 188 and 282.
94
Calculate the highest common divisor of 6 and 63.
3
What is the greatest common factor of 42 and 63?
21
Calculate the highest common divisor of 72 and 594.
18
Calculate the highest common divisor of 140 and 770.
70
What is the highest common divisor of 8 and 32?
8
What is the greatest common divisor of 604 and 12?
4
What is the greatest common divisor of 4 and 38?
2
Calculate the highest common factor of 882 and 18.
18
Calculate the greatest common divisor of 6 and 1322.
2
What is the highest common factor of 6102 and 81?
27
What is the greatest common divisor of 23380 and 20?
20
Calculate the highest common factor of 1206 and 22512.
402
Calculate the greatest common factor of 12988 and 136.
68
Calculate the highest common factor of 24 and 708.
12
What is the greatest common divisor of 979 and 4361?
89
What is the greatest common divisor of 3362 and 41?
41
What is the highest common divisor of 64 and 10688?
64
Calculate the highest common divisor of 240 and 912.
48
What is the greatest common divisor of 16 and 944?
16
Calculate the highest common divisor of 300 and 40.
20
Calculate the highest common divisor of 5265 and 234.
117
Calculate the highest common factor of 240 and 15.
15
What is the greatest common divisor of 397 and 8?
1
Calculate the greatest common divisor of 104 and 13.
13
What is the greatest common factor of 39096 and 81?
27
Calculate the highest common factor of 253 and 1909.
23
Calculate the greatest common factor of 436 and 4.
4
What is the highest common divisor of 13 and 52?
13
Calculate the highest common divisor of 12 and 76.
4
Calculate the highest common factor of 29 and 174.
29
Calculate the greatest common factor of 398 and 6.
2
What is the highest common factor of 525 and 21?
21
What is the highest common divisor of 165 and 99?
33
What is the greatest common factor of 14 and 259?
7
What is the highest common divisor of 550 and 100?
50
What is the highest common factor of 803 and 73?
73
What is the highest common factor of 72 and 13698?
18
Calculate the highest common factor of 186 and 6.
6
Calculate the highest common factor of 1536 and 24.
24
Calculate the greatest common factor of 184 and 2116.
92
Calculate the highest common divisor of 18 and 4680.
18
What is the greatest common divisor of 134 and 67?
67
What is the greatest common factor of 13 and 2665?
13
What is the highest common divisor of 36 and 5292?
36
Calculate the highest common divisor of 15 and 40.
5
What is the highest common divisor of 12324 and 169?
13
Calculate the greatest common factor of 4399 and 159.
53
Calculate the greatest common divisor of 1130 and 80.
10
Calculate the highest common factor of 1360 and 160.
80
What is the greatest common factor of 693 and 7?
7
Calculate the greatest common factor of 2 and 122.
2
Calculate the greatest common divisor of 26 and 66.
2
Calculate the greatest common divisor of 319 and 176.
11
What is the highest common factor of 465 and 15?
15
Calculate the highest common divisor of 38 and 266.
38
What is the greatest common factor of 155 and 62?
31
What is the highest common factor of 7885 and 190?
95
What is the highest common divisor of 26 and 23803?
13
What is the highest common factor of 5734 and 235?
47
Calculate the greatest common divisor of 112 and 128.
16
What is the greatest common factor of 3473 and 69?
23
What is the highest common divisor of 864 and 27?
27
What is the greatest common factor of 520 and 195?
65
What is the greatest common divisor of 1696 and 128?
32
Calculate the greatest common divisor of 36 and 4770.
18
Calculate the greatest common divisor of 132 and 858.
66
Calculate the greatest common factor of 1040 and 1.
1
Calculate the greatest common divisor of 420 and 56.
28
Calculate the greatest common factor of 8448 and 33.
33
What is the greatest common divisor of 504 and 28?
28
What is the greatest common divisor of 2237 and 1?
1
What is the highest common factor of 42001 and 97?
97
Calculate the highest common divisor of 74 and 703.
37
What is the highest common factor of 16 and 14?
2
What is the greatest common factor of 840 and 3402?
42
Calculate the highest common divisor of 274 and 31921